{"id":3910,"date":"2006-02-17T11:44:21","date_gmt":"2006-02-17T10:44:21","guid":{"rendered":"https:\/\/albayalde.org\/publicaciones\/brocado-aplicado-2\/"},"modified":"2024-05-16T16:39:27","modified_gmt":"2024-05-16T15:39:27","slug":"brocado-aplicado-2","status":"publish","type":"publicaciones","link":"https:\/\/albayalde.org\/fr\/publicaciones\/brocado-aplicado-2\/","title":{"rendered":"2006 &#8211; Consid\u00e9rations sur le brocart appliqu\u00e9 au retable de la Puebla de Arganz\u00f3n"},"content":{"rendered":"<p><strong>Retable de La Puebla de Arganz\u00f3n<\/strong><\/p>\n<p>Barrio Olano, M.; Berasain Salvarredi, I.: <em>Consideraciones sobre el brocado aplicado en el Retablo de La Puebla de Arganz\u00f3n, en Akobe n\u00ba 7<\/em>. Vitoria-Gasteiz, 2006<\/p>\n","protected":false},"excerpt":{"rendered":"<p>Retable de La Puebla de Arganz\u00f3n Barrio Olano, M.; Berasain Salvarredi, I.: Consideraciones sobre el brocado aplicado en el Retablo de La Puebla de Arganz\u00f3n, en Akobe n\u00ba 7. Vitoria-Gasteiz, 2006<\/p>\n","protected":false},"featured_media":3904,"template":"","class_list":["post-3910","publicaciones","type-publicaciones","status-publish","has-post-thumbnail","hentry"],"acf":[],"_links":{"self":[{"href":"https:\/\/albayalde.org\/fr\/wp-json\/wp\/v2\/publicaciones\/3910","targetHints":{"allow":["GET"]}}],"collection":[{"href":"https:\/\/albayalde.org\/fr\/wp-json\/wp\/v2\/publicaciones"}],"about":[{"href":"https:\/\/albayalde.org\/fr\/wp-json\/wp\/v2\/types\/publicaciones"}],"wp:featuredmedia":[{"embeddable":true,"href":"https:\/\/albayalde.org\/fr\/wp-json\/wp\/v2\/media\/3904"}],"wp:attachment":[{"href":"https:\/\/albayalde.org\/fr\/wp-json\/wp\/v2\/media?parent=3910"}],"curies":[{"name":"wp","href":"https:\/\/api.w.org\/{rel}","templated":true}]}}

2006 &#8211; Considérations sur le brocart appliqué au retable de la Puebla de Arganzón

<p><strong>Retable de La Puebla de Arganzón</strong></p>
<p>Barrio Olano, M.; Berasain Salvarredi, I.: <em>Consideraciones sobre el brocado aplicado en el Retablo de La Puebla de Arganzón, en Akobe nº 7</em>. Vitoria-Gasteiz, 2006</p>

<p>Retable de La Puebla de Arganzón Barrio Olano, M.; Berasain Salvarredi, I.: Consideraciones sobre el brocado aplicado en el Retablo de La Puebla de Arganzón, en Akobe nº 7. Vitoria-Gasteiz, 2006</p>
