{"id":3846,"date":"2018-02-17T11:52:54","date_gmt":"2018-02-17T10:52:54","guid":{"rendered":"https:\/\/albayalde.org\/publicaciones\/depositos-de-colecciones-2\/"},"modified":"2024-05-15T16:17:04","modified_gmt":"2024-05-15T15:17:04","slug":"depositos-de-colecciones-2","status":"publish","type":"publicaciones","link":"https:\/\/albayalde.org\/fr\/publicaciones\/depositos-de-colecciones-2\/","title":{"rendered":"2018 &#8211; Los\u00a0dep\u00f3sitos de colecciones: una opci\u00f3n de conservaci\u00f3n preventiva"},"content":{"rendered":"<p>Barrio Olano, M. y Berasain Salvarredi, I. (2018). \u201cL<em>os<\/em><em> dep\u00f3sitos de colecciones: una opci\u00f3n de conservaci\u00f3n preventiva\u201d <\/em>dans les actes du 6e congr\u00e8s du GEIIC\u00a0<i>\u00bfY despu\u00e9s qu\u00e9? Control y mantenimiento del Patrimonio Cultural<\/i>, Vitoria Gasteiz, 226-235.<\/p>\n","protected":false},"excerpt":{"rendered":"<p>Barrio Olano, M. y Berasain Salvarredi, I. (2018). \u201cLos dep\u00f3sitos de colecciones: una opci\u00f3n de conservaci\u00f3n preventiva\u201d dans les actes du 6e congr\u00e8s du GEIIC\u00a0\u00bfY despu\u00e9s qu\u00e9? Control y mantenimiento del Patrimonio Cultural, Vitoria Gasteiz, 226-235.<\/p>\n","protected":false},"featured_media":15852,"template":"","class_list":["post-3846","publicaciones","type-publicaciones","status-publish","has-post-thumbnail","hentry"],"acf":[],"_links":{"self":[{"href":"https:\/\/albayalde.org\/fr\/wp-json\/wp\/v2\/publicaciones\/3846","targetHints":{"allow":["GET"]}}],"collection":[{"href":"https:\/\/albayalde.org\/fr\/wp-json\/wp\/v2\/publicaciones"}],"about":[{"href":"https:\/\/albayalde.org\/fr\/wp-json\/wp\/v2\/types\/publicaciones"}],"wp:featuredmedia":[{"embeddable":true,"href":"https:\/\/albayalde.org\/fr\/wp-json\/wp\/v2\/media\/15852"}],"wp:attachment":[{"href":"https:\/\/albayalde.org\/fr\/wp-json\/wp\/v2\/media?parent=3846"}],"curies":[{"name":"wp","href":"https:\/\/api.w.org\/{rel}","templated":true}]}}

2018 &#8211; Los depósitos de colecciones: una opción de conservación preventiva

<p>Barrio Olano, M. y Berasain Salvarredi, I. (2018). “L<em>os</em><em> depósitos de colecciones: una opción de conservación preventiva” </em>dans les actes du 6e congrès du GEIIC <i>¿Y después qué? Control y mantenimiento del Patrimonio Cultural</i>, Vitoria Gasteiz, 226-235.</p>

<p>Barrio Olano, M. y Berasain Salvarredi, I. (2018). “Los depósitos de colecciones: una opción de conservación preventiva” dans les actes du 6e congrès du GEIIC ¿Y después qué? Control y mantenimiento del Patrimonio Cultural, Vitoria Gasteiz, 226-235.</p>
