{"id":3838,"date":"2017-02-17T11:53:50","date_gmt":"2017-02-17T10:53:50","guid":{"rendered":"https:\/\/albayalde.org\/publicaciones\/una-perspectiva-desde-el-ambito-escultorico-consideraciones-en-torno-a-los-retablos-flamencos-2\/"},"modified":"2024-05-14T17:48:15","modified_gmt":"2024-05-14T16:48:15","slug":"una-perspectiva-desde-el-ambito-escultorico-consideraciones-en-torno-a-los-retablos-flamencos-2","status":"publish","type":"publicaciones","link":"https:\/\/albayalde.org\/fr\/publicaciones\/una-perspectiva-desde-el-ambito-escultorico-consideraciones-en-torno-a-los-retablos-flamencos-2\/","title":{"rendered":"2017 &#8211; Une perspective sculpturale : consid\u00e9rations sur les retables flamands"},"content":{"rendered":"<p><span style=\"font-size: 11pt\">MU\u00d1IZ <\/span><span style=\"font-size: 11pt\">PETRALANDA J., BARRIO OLANO M., BERASAIN SALVARREDI I. (2017). <\/span><span style=\"font-size: 11pt\">\u201c<\/span><span style=\"font-size: 11pt;font-weight: bold;font-style: italic\">Una <\/span><span style=\"font-size: 11pt;font-weight: bold;font-style: italic\">perspectiva desde el \u00e1mbito escult\u00f3rico: consideraciones en torno a los retablos flamencos<\/span><span style=\"font-size: 11pt;font-style: italic\">\u201d<\/span><span style=\"font-size: 11pt\"> en Miquel Juan, M. P\u00e9rez <\/span><span style=\"font-size: 11pt\">Momz\u00f3n<\/span><span style=\"font-size: 11pt\"> O. y Mart\u00ednez Taboada (<\/span><span style=\"font-size: 11pt\">eds<\/span><span style=\"font-size: 11pt\">). Afilando el pincel, dibujando la voz. Pr\u00e1cticas pict\u00f3ricas g\u00f3ticas. Madrid: Ediciones Complutense, <\/span><span style=\"font-size: 11pt\">83-103.<\/span><\/p>\n","protected":false},"excerpt":{"rendered":"<p>MU\u00d1IZ PETRALANDA J., BARRIO OLANO M., BERASAIN SALVARREDI I. (2017). \u201cUna perspectiva desde el \u00e1mbito escult\u00f3rico: consideraciones en torno a los retablos flamencos\u201d en Miquel Juan, M. P\u00e9rez Momz\u00f3n O. y Mart\u00ednez Taboada (eds). Afilando el pincel, dibujando la voz. Pr\u00e1cticas pict\u00f3ricas g\u00f3ticas. Madrid: Ediciones Complutense, 83-103.<\/p>\n","protected":false},"featured_media":3832,"template":"","class_list":["post-3838","publicaciones","type-publicaciones","status-publish","has-post-thumbnail","hentry"],"acf":[],"_links":{"self":[{"href":"https:\/\/albayalde.org\/fr\/wp-json\/wp\/v2\/publicaciones\/3838","targetHints":{"allow":["GET"]}}],"collection":[{"href":"https:\/\/albayalde.org\/fr\/wp-json\/wp\/v2\/publicaciones"}],"about":[{"href":"https:\/\/albayalde.org\/fr\/wp-json\/wp\/v2\/types\/publicaciones"}],"wp:featuredmedia":[{"embeddable":true,"href":"https:\/\/albayalde.org\/fr\/wp-json\/wp\/v2\/media\/3832"}],"wp:attachment":[{"href":"https:\/\/albayalde.org\/fr\/wp-json\/wp\/v2\/media?parent=3838"}],"curies":[{"name":"wp","href":"https:\/\/api.w.org\/{rel}","templated":true}]}}

2017 &#8211; Une perspective sculpturale : considérations sur les retables flamands

<p><span style="font-size: 11pt">MUÑIZ </span><span style="font-size: 11pt">PETRALANDA J., BARRIO OLANO M., BERASAIN SALVARREDI I. (2017). </span><span style="font-size: 11pt">“</span><span style="font-size: 11pt;font-weight: bold;font-style: italic">Una </span><span style="font-size: 11pt;font-weight: bold;font-style: italic">perspectiva desde el ámbito escultórico: consideraciones en torno a los retablos flamencos</span><span style="font-size: 11pt;font-style: italic">”</span><span style="font-size: 11pt"> en Miquel Juan, M. Pérez </span><span style="font-size: 11pt">Momzón</span><span style="font-size: 11pt"> O. y Martínez Taboada (</span><span style="font-size: 11pt">eds</span><span style="font-size: 11pt">). Afilando el pincel, dibujando la voz. Prácticas pictóricas góticas. Madrid: Ediciones Complutense, </span><span style="font-size: 11pt">83-103.</span></p>

<p>MUÑIZ PETRALANDA J., BARRIO OLANO M., BERASAIN SALVARREDI I. (2017). “Una perspectiva desde el ámbito escultórico: consideraciones en torno a los retablos flamencos” en Miquel Juan, M. Pérez Momzón O. y Martínez Taboada (eds). Afilando el pincel, dibujando la voz. Prácticas pictóricas góticas. Madrid: Ediciones Complutense, 83-103.</p>
