{"id":15943,"date":"2020-10-30T16:46:12","date_gmt":"2020-10-30T15:46:12","guid":{"rendered":"https:\/\/albayalde.org\/publicaciones\/2020-webinar-conservacion-preventiva-casos-practicos\/"},"modified":"2024-05-22T17:08:55","modified_gmt":"2024-05-22T16:08:55","slug":"2020-webinar-conservacion-preventiva-casos-practicos","status":"publish","type":"publicaciones","link":"https:\/\/albayalde.org\/fr\/publicaciones\/2020-webinar-conservacion-preventiva-casos-practicos\/","title":{"rendered":"2020 &#8211; Webinaire : Conservation pr\u00e9ventive. \u00c9tudes de cas"},"content":{"rendered":"<p>Maite Barrio a coordonn\u00e9 et particip\u00e9 au cycle th\u00e9matique sur les \u00e9tudes de cas de conservation pr\u00e9ventive dans le cadre du programme #geiicdesdecasa. Il y a eu quatre communications au mois d&rsquo;octobre 2020.<\/p>\n<p>8\/10 : CONSERVATION PR\u00c9VENTIVE DE L&rsquo;ART RUPESTRE EN PLEIN AIR : UNE STRAT\u00c9GIE GLOBALE. Cristina Escudero. Junta de Castilla y Le\u00f3n.<\/p>\n<p>15\/10 : GORDAILUA : LA PR\u00c9SERVATION AU C\u0152UR DU PROJET. Maite Barrio. Albayalde, studio de conservation du patrimoine culturel.<\/p>\n<p>22\/10 : LA CATH\u00c9DRALE DE BARCELONE ENTAME UN PLAN DE CONSERVATION PR\u00c9VENTIVE. Ana Ord\u00f3\u00f1ez. S.E. Cath\u00e9drale Basilique M\u00e9tropolitaine de Barcelone.<\/p>\n<p>29\/10 : GESTION DE LA PR\u00c9SERVATION POUR LA NUM\u00c9RISATION ET LE CONDITIONNEMENT DE LA PHOTOGRAPHIE. Beno\u00eet de Tapol. Mus\u00e9e national d&rsquo;art de Catalogne<\/p>\n<p>Coordination : Maite Barrio.<\/p>\n","protected":false},"excerpt":{"rendered":"<p>Maite Barrio a coordonn\u00e9 et particip\u00e9 au cycle th\u00e9matique sur les \u00e9tudes de cas de conservation pr\u00e9ventive dans le cadre du programme #geiicdesdecasa. Il y a eu quatre communications au mois d&rsquo;octobre 2020. 8\/10 : CONSERVATION PR\u00c9VENTIVE DE L&rsquo;ART RUPESTRE EN PLEIN AIR : UNE STRAT\u00c9GIE GLOBALE. Cristina Escudero. Junta de Castilla y Le\u00f3n. 15\/10&#8230;<\/p>\n","protected":false},"featured_media":15940,"template":"","class_list":["post-15943","publicaciones","type-publicaciones","status-publish","has-post-thumbnail","hentry"],"acf":[],"_links":{"self":[{"href":"https:\/\/albayalde.org\/fr\/wp-json\/wp\/v2\/publicaciones\/15943","targetHints":{"allow":["GET"]}}],"collection":[{"href":"https:\/\/albayalde.org\/fr\/wp-json\/wp\/v2\/publicaciones"}],"about":[{"href":"https:\/\/albayalde.org\/fr\/wp-json\/wp\/v2\/types\/publicaciones"}],"wp:featuredmedia":[{"embeddable":true,"href":"https:\/\/albayalde.org\/fr\/wp-json\/wp\/v2\/media\/15940"}],"wp:attachment":[{"href":"https:\/\/albayalde.org\/fr\/wp-json\/wp\/v2\/media?parent=15943"}],"curies":[{"name":"wp","href":"https:\/\/api.w.org\/{rel}","templated":true}]}}

2020 &#8211; Webinaire : Conservation préventive. Études de cas

<p>Maite Barrio a coordonné et participé au cycle thématique sur les études de cas de conservation préventive dans le cadre du programme #geiicdesdecasa. Il y a eu quatre communications au mois d&rsquo;octobre 2020.</p>
<p>8/10 : CONSERVATION PRÉVENTIVE DE L&rsquo;ART RUPESTRE EN PLEIN AIR : UNE STRATÉGIE GLOBALE. Cristina Escudero. Junta de Castilla y León.</p>
<p>15/10 : GORDAILUA : LA PRÉSERVATION AU CŒUR DU PROJET. Maite Barrio. Albayalde, studio de conservation du patrimoine culturel.</p>
<p>22/10 : LA CATHÉDRALE DE BARCELONE ENTAME UN PLAN DE CONSERVATION PRÉVENTIVE. Ana Ordóñez. S.E. Cathédrale Basilique Métropolitaine de Barcelone.</p>
<p>29/10 : GESTION DE LA PRÉSERVATION POUR LA NUMÉRISATION ET LE CONDITIONNEMENT DE LA PHOTOGRAPHIE. Benoît de Tapol. Musée national d&rsquo;art de Catalogne</p>
<p>Coordination : Maite Barrio.</p>

<p>Maite Barrio a coordonné et participé au cycle thématique sur les études de cas de conservation préventive dans le cadre du programme #geiicdesdecasa. Il y a eu quatre communications au mois d&rsquo;octobre 2020. 8/10 : CONSERVATION PRÉVENTIVE DE L&rsquo;ART RUPESTRE EN PLEIN AIR : UNE STRATÉGIE GLOBALE. Cristina Escudero. Junta de Castilla y León. 15/10&#8230;</p>
