{"id":3956,"date":"2000-02-17T11:38:44","date_gmt":"2000-02-17T10:38:44","guid":{"rendered":"https:\/\/albayalde.org\/publicaciones\/agustin-de-conde-2\/"},"modified":"2024-05-21T17:08:10","modified_gmt":"2024-05-21T16:08:10","slug":"agustin-de-conde-2","status":"publish","type":"publicaciones","link":"https:\/\/albayalde.org\/eu\/publicaciones\/agustin-de-conde-2\/","title":{"rendered":"2000 &#8211; Agust\u00edn de Conde, Hernaniko San Juan Bataiatzailearen erretaulako maisu polikromatzailea"},"content":{"rendered":"<p><strong>Hernaniko Erretaula <\/strong><\/p>\n<p>Barrio Olano, M.; Berasain Salvarredi, I.: <em>Agust\u00edn de Conde, maestro policromador del retablo de San Juan Bautista de Hernani, en Revisi\u00f3n del Arte Barroco<\/em>, Eusko Ikaskuntza-Sociedad de Estudios Vascos. San Sebasti\u00e1n, 2000<\/p>\n","protected":false},"excerpt":{"rendered":"<p>Hernaniko Erretaula Barrio Olano, M.; Berasain Salvarredi, I.: Agust\u00edn de Conde, maestro policromador del retablo de San Juan Bautista de Hernani, en Revisi\u00f3n del Arte Barroco, Eusko Ikaskuntza-Sociedad de Estudios Vascos. San Sebasti\u00e1n, 2000<\/p>\n","protected":false},"featured_media":15874,"template":"","class_list":["post-3956","publicaciones","type-publicaciones","status-publish","has-post-thumbnail","hentry"],"acf":[],"_links":{"self":[{"href":"https:\/\/albayalde.org\/eu\/wp-json\/wp\/v2\/publicaciones\/3956","targetHints":{"allow":["GET"]}}],"collection":[{"href":"https:\/\/albayalde.org\/eu\/wp-json\/wp\/v2\/publicaciones"}],"about":[{"href":"https:\/\/albayalde.org\/eu\/wp-json\/wp\/v2\/types\/publicaciones"}],"wp:featuredmedia":[{"embeddable":true,"href":"https:\/\/albayalde.org\/eu\/wp-json\/wp\/v2\/media\/15874"}],"wp:attachment":[{"href":"https:\/\/albayalde.org\/eu\/wp-json\/wp\/v2\/media?parent=3956"}],"curies":[{"name":"wp","href":"https:\/\/api.w.org\/{rel}","templated":true}]}}

2000 &#8211; Agustín de Conde, Hernaniko San Juan Bataiatzailearen erretaulako maisu polikromatzailea

<p><strong>Hernaniko Erretaula </strong></p>
<p>Barrio Olano, M.; Berasain Salvarredi, I.: <em>Agustín de Conde, maestro policromador del retablo de San Juan Bautista de Hernani, en Revisión del Arte Barroco</em>, Eusko Ikaskuntza-Sociedad de Estudios Vascos. San Sebastián, 2000</p>

<p>Hernaniko Erretaula Barrio Olano, M.; Berasain Salvarredi, I.: Agustín de Conde, maestro policromador del retablo de San Juan Bautista de Hernani, en Revisión del Arte Barroco, Eusko Ikaskuntza-Sociedad de Estudios Vascos. San Sebastián, 2000</p>
