{"id":3844,"date":"2018-02-17T11:52:54","date_gmt":"2018-02-17T10:52:54","guid":{"rendered":"https:\/\/albayalde.org\/publicaciones\/bilduma-gordailuak\/"},"modified":"2024-05-15T16:17:56","modified_gmt":"2024-05-15T15:17:56","slug":"bilduma-gordailuak","status":"publish","type":"publicaciones","link":"https:\/\/albayalde.org\/eu\/publicaciones\/bilduma-gordailuak\/","title":{"rendered":"2018 &#8211; Los\u00a0dep\u00f3sitos de colecciones: una opci\u00f3n de conservaci\u00f3n preventiva"},"content":{"rendered":"<p>Barrio Olano, M. y Berasain Salvarredi, I. (2018). \u201cL<em>os<\/em><em><span style=\", sans-serif;font-style: normal\">\u00a0dep\u00f3sitos de colecciones: una opci\u00f3n de conservaci\u00f3n preventiva\u201d\u00a0GEIIC-ren VI. Kongresuaren Aktetan<\/span><\/em>\u00a0<i>\u00bfY despu\u00e9s qu\u00e9? Control y mantenimiento del Patrimonio Cultural<\/i>, Vitoria Gasteiz, 226-235<\/p>\n","protected":false},"excerpt":{"rendered":"<p>Barrio Olano, M. y Berasain Salvarredi, I. (2018). \u201cLos\u00a0dep\u00f3sitos de colecciones: una opci\u00f3n de conservaci\u00f3n preventiva\u201d\u00a0GEIIC-ren VI. Kongresuaren Aktetan\u00a0\u00bfY despu\u00e9s qu\u00e9? Control y mantenimiento del Patrimonio Cultural, Vitoria Gasteiz, 226-235<\/p>\n","protected":false},"featured_media":15850,"template":"","class_list":["post-3844","publicaciones","type-publicaciones","status-publish","has-post-thumbnail","hentry"],"acf":[],"_links":{"self":[{"href":"https:\/\/albayalde.org\/eu\/wp-json\/wp\/v2\/publicaciones\/3844","targetHints":{"allow":["GET"]}}],"collection":[{"href":"https:\/\/albayalde.org\/eu\/wp-json\/wp\/v2\/publicaciones"}],"about":[{"href":"https:\/\/albayalde.org\/eu\/wp-json\/wp\/v2\/types\/publicaciones"}],"wp:featuredmedia":[{"embeddable":true,"href":"https:\/\/albayalde.org\/eu\/wp-json\/wp\/v2\/media\/15850"}],"wp:attachment":[{"href":"https:\/\/albayalde.org\/eu\/wp-json\/wp\/v2\/media?parent=3844"}],"curies":[{"name":"wp","href":"https:\/\/api.w.org\/{rel}","templated":true}]}}

2018 &#8211; Los depósitos de colecciones: una opción de conservación preventiva

<p>Barrio Olano, M. y Berasain Salvarredi, I. (2018). “L<em>os</em><em><span style=", sans-serif;font-style: normal"> depósitos de colecciones: una opción de conservación preventiva” GEIIC-ren VI. Kongresuaren Aktetan</span></em> <i>¿Y después qué? Control y mantenimiento del Patrimonio Cultural</i>, Vitoria Gasteiz, 226-235</p>

<p>Barrio Olano, M. y Berasain Salvarredi, I. (2018). “Los depósitos de colecciones: una opción de conservación preventiva” GEIIC-ren VI. Kongresuaren Aktetan ¿Y después qué? Control y mantenimiento del Patrimonio Cultural, Vitoria Gasteiz, 226-235</p>
